{"id":157,"date":"2014-12-27T12:15:27","date_gmt":"2014-12-27T12:15:27","guid":{"rendered":"http:\/\/alisonwaveattitude.com\/?page_id=157"},"modified":"2015-06-14T16:29:52","modified_gmt":"2015-06-14T16:29:52","slug":"lhistoire-dalison","status":"publish","type":"page","link":"https:\/\/alisonwaveattitude.com\/?page_id=157","title":{"rendered":"L&rsquo;HISTOIRE D&rsquo;ALISON"},"content":{"rendered":"<p><a href=\"https:\/\/alisonwaveattitude.com\/wp-content\/uploads\/2014\/12\/Alison-Telethon-2014-Copier.jpg\" data-rel=\"lightbox-image-0\" data-rl_title=\"\" data-rl_caption=\"\" title=\"\"><img decoding=\"async\" loading=\"lazy\" class=\"alignright size-large wp-image-225\" src=\"https:\/\/alisonwaveattitude.com\/wp-content\/uploads\/2014\/12\/Alison-Telethon-2014-Copier-913x1024.jpg\" alt=\"Alison-Telethon-2014 (Copier)\" width=\"604\" height=\"677\" srcset=\"https:\/\/alisonwaveattitude.com\/wp-content\/uploads\/2014\/12\/Alison-Telethon-2014-Copier-913x1024.jpg 913w, https:\/\/alisonwaveattitude.com\/wp-content\/uploads\/2014\/12\/Alison-Telethon-2014-Copier-267x300.jpg 267w, https:\/\/alisonwaveattitude.com\/wp-content\/uploads\/2014\/12\/Alison-Telethon-2014-Copier.jpg 1071w\" sizes=\"(max-width: 604px) 100vw, 604px\" \/><\/a>Le club Alison Wave Attitude\u00a0est enracin\u00e9 dans l&rsquo;histoire d&rsquo;Alison : en voici les grandes dates. Alison\u00a0fait partie des <strong>supers cyclones\u00a0<\/strong>: il a travers\u00e9 le Pacifique en <strong>mars 1975<\/strong> et d\u00e9vast\u00e9 la <strong>Nouvelle Cal\u00e9donie<\/strong>. En ce temps-l\u00e0, \u00e0 l&rsquo;\u00e2ge de 13 ans, Sophie habitait\u00a0en brousse \u00e0 <strong>La Foa<\/strong>. Comme son temp\u00e9rament \u00e9tait plut\u00f4t ravageur\u00a0(plus tard, elle re\u00e7ut d&rsquo;un professeur \u00e0 la Sorbonne, le surnom de \u00ab\u00a0bulldozer de travail\u00a0\u00bb) son p\u00e8re l&rsquo;a surnomma Alison. Elle n&rsquo;aimait pas trop ce surnom&#8230; En <strong>1981<\/strong>, une amie tr\u00e8s proche de Nouvelle Cal\u00e9donie, <strong>Ghislaine<\/strong>, cru qu&rsquo;elle \u00e9tait morte suite \u00e0 une grave maladie. <strong>Fin 2013<\/strong>, alors que Sophie venait de traverser la pire p\u00e9riode de sa vie et qu&rsquo;elle avait cru mourir encore une fois, elle d\u00e9cida d&rsquo;adopter \u00e0 nouveau ce surnom pour reprendre les rennes de sa vie en main. Alison Wave a ressuscit\u00e9 en <strong>janvier 2014<\/strong> et c&rsquo;est \u00e0 ce moment-l\u00e0 que Ghislaine a\u00a0retrouv\u00e9 son amie bien vivante\u00a0!<\/p>\n<p><em>Alison Wave Attitude<\/em> repr\u00e9sente cette r\u00e9sistance contre l&rsquo;adversit\u00e9 de la vie, cette volont\u00e9 de rester debout et de relever des d\u00e9fis dans un esprit d&rsquo;entraide, de partage\u00a0et de tol\u00e9rance pour redonner vie \u00e0 l&rsquo;\u00e9nergie qui est en nous. Le longe c\u00f4te est le vecteur de cette volont\u00e9. D\u00e9couvert \u00e0 la t\u00e9l\u00e9vision alors qu&rsquo;elle \u00e9tait au plus bas dans son lit d&rsquo;h\u00f4pital, Sophie s&rsquo;est dit : <em><strong>voil\u00e0 ce que je veux faire ! D\u00e8s que je pourrai me relever, j&rsquo;irai marcher en mer faire\u00a0du<\/strong> <strong>longe c\u00f4te ! Et ce sera bient\u00f4t une discipline olympique !<\/strong><\/em>.<\/p>\n","protected":false},"excerpt":{"rendered":"<p>Le club Alison Wave Attitude\u00a0est enracin\u00e9 dans l&rsquo;histoire d&rsquo;Alison : en voici les grandes dates. Alison\u00a0fait partie des supers cyclones\u00a0: il a travers\u00e9 le<a class=\"moretag\" href=\"https:\/\/alisonwaveattitude.com\/?page_id=157\">Read More&#8230;<\/a><\/p>\n","protected":false},"author":1,"featured_media":0,"parent":0,"menu_order":0,"comment_status":"closed","ping_status":"closed","template":"","meta":[],"_links":{"self":[{"href":"https:\/\/alisonwaveattitude.com\/index.php?rest_route=\/wp\/v2\/pages\/157"}],"collection":[{"href":"https:\/\/alisonwaveattitude.com\/index.php?rest_route=\/wp\/v2\/pages"}],"about":[{"href":"https:\/\/alisonwaveattitude.com\/index.php?rest_route=\/wp\/v2\/types\/page"}],"author":[{"embeddable":true,"href":"https:\/\/alisonwaveattitude.com\/index.php?rest_route=\/wp\/v2\/users\/1"}],"replies":[{"embeddable":true,"href":"https:\/\/alisonwaveattitude.com\/index.php?rest_route=%2Fwp%2Fv2%2Fcomments&post=157"}],"version-history":[{"count":8,"href":"https:\/\/alisonwaveattitude.com\/index.php?rest_route=\/wp\/v2\/pages\/157\/revisions"}],"predecessor-version":[{"id":434,"href":"https:\/\/alisonwaveattitude.com\/index.php?rest_route=\/wp\/v2\/pages\/157\/revisions\/434"}],"wp:attachment":[{"href":"https:\/\/alisonwaveattitude.com\/index.php?rest_route=%2Fwp%2Fv2%2Fmedia&parent=157"}],"curies":[{"name":"wp","href":"https:\/\/api.w.org\/{rel}","templated":true}]}}